12672?
True
Is 17 a factor of 184520233?
False
Is 2174 a factor of 19572522?
True
Does 331 divide 23263673?
True
Does 6 divide 35647272?
True
Does 9 divide 14138847?
True
Is 211 a factor of 2725487?
True
Does 6 divide 6962575?
False
Does 732 divide 213984828?
True
Is 1542 a factor of 31951782?
True
Is 184 a factor of 84437855?
False
Is 295524098 a multiple of 345?
False
Is 42 a factor of 59515596?
True
Is 54 a factor of 12442194?
True
Is 1410 a factor of 19575030?
True
Is 52078609 a multiple of 150?
False
Is 26 a factor of 194015822?
True
Does 53 divide 30143167?
True
Is 42889181 a multiple of 652?
False
Is 21 a factor of 30780099?
True
Is 858354960 a multiple of 10?
True
Does 94 divide 485163798?
True
Does 222 divide 30556925?
False
Is 33 a factor of 59983737?
True
Is 17 a factor of 9148227?
True
Is 561515920 a multiple of 39?
False
Does 888 divide 48871968?
True
Does 108 divide 122763816?
True
Is 6832883 a multiple of 109?
True
Is 1619 a factor of 12583091?
False
Is 3636 a factor of 55212660?
True
Is 1508 a factor of 14896024?
True
Is 54 a factor of 70447004?
False
Does 10 divide 120079767?
False
Is 3101153 a multiple of 154?
False
Is 1701215785 a multiple of 597?
False
Does 9 divide 9072365?
False
Does 120 divide 15964882?
False
Is 330 a factor of 83765550?
True
Is 225 a factor of 340137450?
True
Is 116 a factor of 22255644?
True
Is 27 a factor of 360444330?
True
Is 2001280233 a multiple of 17?
False
Is 240848685 a multiple of 165?
True
Does 4 divide 1371415568?
True
Is 6834 a factor of 4676875236?
True
Does 11 divide 941407615?
False
Is 7028364 a multiple of 73?
False
Is 20 a factor of 2803120?
True
Is 7 a factor of 60566051?
True
Is 61828645 a multiple of 590?
False
Is 51 a factor of 6069611?
False
Does 968 divide 35980560?
True
Is 35583082 a multiple of 43?
False
Is 10338556 a multiple of 396?
False
Is 32396866 a multiple of 543?
False
Is 1365810 a multiple of 23?
False
Is 308 a factor of 3248784?
True
Is 207 a factor of 286375599?
True
Is 10483560 a multiple of 10?
True
Does 75 divide 103068600?
True
Is 997 a factor of 326151601?
True
Is 68 a factor of 54130788?
True
Is 10352098 a multiple of 1783?
True
Is 1554741 a multiple of 89?
True
Is 17017799 a multiple of 42?
False
Is 277672736 a multiple of 4?
True
Is 17 a factor of 86357484?
True
Is 197488899 a multiple of 718?
False
Is 98567411 a multiple of 3572?
False
Does 9 divide 59713008?
False
Is 969 a factor of 264480798?
True
Is 26432770 a multiple of 806?
True
Does 3 divide 9827347?
False
Is 61 a factor of 58327102?
True
Is 18 a factor of 122036112?
True
Does 9 divide 41533340?
False
Is 167 a factor of 2126143132?
True
Is 297770682 a multiple of 622?
True
Does 30 divide 152502123?
False
Does 211 divide 412186390?
True
Does 3018 divide 5615105076?
False
Is 16 a factor of 69525149?
False
Is 73313975 a multiple of 295?
False
Does 244 divide 25539678?
False
Does 1660 divide 330359920?
True
Is 237286746 a multiple of 8?
False
Is 55 a factor of 479653570?
True
Does 1273 divide 81940824?
False
Is 167 a factor of 31223799?
False
Is 661914348 a multiple of 282?
True
Does 13 divide 10709976?
False
Is 589551128 a multiple of 614?
False
Does 1065 divide 1602733015?
False
Does 1028 divide 622289520?
True
Does 54 divide 1822932?
True
Is 212399475 a multiple of 1257?
False
Is 44594137 a multiple of 751?
False
Is 193216846 a multiple of 30?
False
Is 168 a factor of 26516616?
True
Is 33854870 a multiple of 1636?
False
Does 4 divide 179656402?
False
Does 2674 divide 150856384?
True
Is 8351163 a multiple of 9?
True
Does 297 divide 3221559?
True
Is 161 a factor of 318422097?
True
Is 103 a factor of 2357258?
True
Is 128318607 a multiple of 9?
True
Is 309 a factor of 9157825?
False
Is 2849862199 a multiple of 34?
False
Is 393389823 a multiple of 953?
True
Does 13 divide 30625621?
True
Does 490 divide 9093711?
False
Is 6426 a factor of 1272089225?
False
Is 10469202 a multiple of 417?
True
Is 21505095 a multiple of 145?
True
Is 36383539 a multiple of 158?
False
Is 323221635 a multiple of 209?
True
Is 5254 a factor of 23931973?
False
Is 257088099 a multiple of 129?
True
Does 16 divide 350318584?
False
Does 80 divide 184030070?
False
Does 165 divide 8861807?
False
Does 322 divide 874537188?
True
Does 5340 divide 1097044260?
True
Does 3928 divide 246395584?
True
Is 188322480 a multiple of 1460?
True
Does 3112 divide 78823848?
True
Does 21 divide 36532197?
False
Is 214 a factor of 33185622?
True
Is 34 a factor of 494846200?
True
Is 3962881 a multiple of 31?
False
Is 66871210 a multiple of 4?
False
Is 40 a factor of 333342400?
True
Is 138474882 a multiple of 1521?
True
Is 258 a factor of 26554650?
True
Does 9 divide 127590756?
False
Is 5611610134 a multiple of 869?
False
Is 46 a factor of 603278454?
True
Is 33 a factor of 64360329?
True
Is 51292200 a multiple of 20?
True
Is 14 a factor of 64586176?
False
Is 10056415 a multiple of 342?
False
Is 39 a factor of 19925107?
False
Is 150155931 a multiple of 55?
False
Is 356 a factor of 8469240?
True
Is 1823824193 a multiple of 64?
False
Is 1035173942 a multiple of 12407?
False
Is 166 a factor of 788987833?
False
Is 116993886 a multiple of 109?
False
Is 100737792 a multiple of 384?
True
Does 3807 divide 462777406?
False
Does 42 divide 376015988?
False
Is 214 a factor of 65088742?
True
Is 206 a factor of 64587386?
True
Is 118 a factor of 2991536?
True
Does 7 divide 31581095?
True
Is 17 a factor of 48192299?
False
Does 2562 divide 21154434?
True
Is 1129772893 a multiple of 370?
False
Is 115745778 a multiple of 7?
False
Is 358 a factor of 12103483?
False
Is 19050906 a multiple of 14?
True
Does 263 divide 983426156?
False
Is 1402 a factor of 271429169?
False
Is 306379047 a multiple of 57?
True
Is 55 a factor of 5523375?
True
Is 13 a factor of 9127027?
True
Is 198 a factor of 374430078?
True
Is 18 a factor of 1350093663?
False
Is 890700185 a multiple of 26?
False
Is 405 a factor of 60552360?
True
Does 11 divide 41754754?
False
Is 267 a factor of 56447696?
False
Is 174 a factor of 1434148716?
True
Is 14 a factor of 10299620?
False
Does 164 divide 4929840?
True
Is 283967075 a multiple of 14?
False
Is 123 a factor of 670896243?
True
Is 1711931741 a multiple of 3341?
True
Is 56 a factor of 412867146?
False
Is 2126 a factor of 2647205908?
True
Is 1832791196 a multiple of 3390?
False
Is 4 a factor of 170288124?
True
Does 13 divide 478623791?
False
Is 388930176 a multiple of 1608?
True
Is 17689578 a multiple of 1329?
False
Does 81 divide 300906414?
True
Is 83 a factor of 13339777?
False
Does 412 divide 88262348?
True
Is 350 a factor of 1236177785?
False
Does 477 divide 4600724625?
True
Is 20224901 a multiple of 278?
False
Does 9 divide 623418460?
False
Does 85 divide 61574850?
True
Is 2302 a factor of 95217626?
True
Does 5 divide 404130961?
False
Is 14915834 a multiple of 17?
True
Is 255660102 a multiple of 6?
True
Is 484 a factor of 224463768?
False
Is 5451464 a multiple of 2?
True
Is 604 a factor of 483145640?
True
Is 9 a factor of 12090214?
False
Is 504679978 a multiple of 740?
False
Is 255 a factor of 20165145?
True
Is 37254705 a multiple of 145?
True
Does 53 divide 236453430?
False
Is 71504638 a multiple of 38?
True
Is 8536 a factor of 68579415?
False
Is 39325620 a multiple of 207?
False
Is 2551 a factor of 50382250?
True
Is 30679584 a multiple of 61?
True
Does 175 divide 36277962?
False
Is 2868705324 a multiple of 5253?
True
Is 2708 a factor of 3547797008?
False
Is 885123707 a multiple of 300?
False
Is 138 a factor of 649294980?
False
Is 8 a factor of 311542832?
True
Does 23 divide 550923263?
False
Does 1101 divide 309434949?
True
Does 253 divide 13167740?
False
Is 3817 a factor of 89082726?
False
Is 547 a factor of 641187383?
True
Is 31 a factor of 35821926?
True
Is 6 a factor of 35108478?
True
Is 12 a factor of 25880503?
False
Is 1942 a factor of 12685144?
True
Does 9 divide 35404946?
False
Does 87 divide 539390678?
False
Does 1216 divide 145299974?
False
Is 15664196 a multiple of 218?
False
Is 10052351 a multiple of 24?
False
Is 19 a factor of 45409436?
False
Is 544744 a multiple of 149?
True
Does 1562 divide 118886944?
True
Is 121 a factor of 75119341?
True
Is 22500555 a multiple of 115?
True
Does 35 divide 668081365?
True
Is 92203475 a multiple of 35?
True
Does 1481 